Let l(h) = -460*h - a + 462*h + 1. Calculate l(6).
8
Let l(w) = 2*w + 2. Let r(h) = 2*h**3 - 35*h**2 - 17*h - 12. Let o be r(18). Calculate l(o).
14
Let y(b) = -b**2 - 4*b. Suppose a + 1 = -m + 2*a, -3*m - 2*a + 12 = 0. Let h be ((-12)/2)/2 + (m - 2). What is y(h)?
3
Let q(r) be the first derivative of 17*r**3/3 - r**2/2 - r + 759. What is q(-1)?
17
Let n be (-16)/6*(-7 + 10). Let r(k) = k**2 + 7*k - 11. Let l be r(n). Let q(m) be the first derivative of -m**2/2 - 3*m + 1. Determine q(l).
0
Suppose 0 = -2*b + g - 37, -15 = -2*g - 9. Let t(j) = j + 16. What is t(b)?
-1
Let g(c) = c**3 - 7*c**2 + 6. Suppose -3*p - 48 = -7*p - 5*v, -2*v + 22 = 2*p. Determine g(p).
6
Let f(i) = -i + 1. Let r be f(5). Let d(w) be the second derivative of -w**3/6 - w**2/2 - 601*w + 1. Calculate d(r).
3
Let f = -27 - -32. Let b(v) = 0*v - 2*v**2 + 2*v + 7 + v**2 - v. Calculate b(f).
-13
Let a(o) = -o**3 + 13*o**2 - 3*o + 9. Let d(i) = i - 22*i**2 + 21*i**2 + 2*i**2. Let v(c) = -a(c) + 5*d(c). Give v(7).
-2
Suppose -4*s = 2*d - 54, -2*d = -2 + 8. Let b(k) = -10*k**2 + 7*k + 12 - s*k + k**3 + 15*k. Give b(9).
-6
Let c(d) be the third derivative of d**6/120 - d**5/10 + 5*d**4/24 - d**3 + 2*d**2 + 62. What is c(4)?
-18
Suppose 0 = 4*b - 3*u - 21, u + 24 = 5*b - 2*u. Let g(w) be the first derivative of 4 + w - 3/2*w**2 + 1/3*w**3. Give g(b).
1
Let l(s) = 13*s**3 + 2*s - 1. Let d be (-5)/((-4)/(1 - -3)). Suppose 5 = d*h + o - 0*o, 3*h - 3 = 3*o. Give l(h).
14
Let o(t) = -5 + 9*t**2 - t**3 + 4*t - 3*t**2 + 5*t. Let m be ((-1)/(-3))/(((-30)/(-63))/10). Calculate o(m).
9
Let i(u) = 3*u**3 + u**2 - 11*u + 3. Let x(w) = -2*w**3 + 6*w - 1. Let n(k) = 3*i(k) + 5*x(k). Let h = 53 - 49. What is n(h)?
-24
Let x(c) be the second derivative of c**3/2 - 2*c**2 + 16*c - 1. Calculate x(-2).
-10
Let n(l) = l**3 + 2*l**2 + 5*l + 3. Let q(p) = -p**2 + p - 1. Let z be (-1*(6 + -1))/(-1). Let d(o) = z*q(o) - n(o). Suppose -g - 7 = -0. Give d(g).
-8
Let f be 2*56/(-16) + 6. Let s(i) = 10*i**2 - 7*i - 2. Let c(y) = -5*y**2 + 3*y + 1. Let q be 6*4/(-6) + -1. Let u(h) = q*c(h) - 2*s(h). Give u(f).
5
Suppose b + 40 = 6*b. Let m(z) = 20*z + 6*z**2 - 26*z - z**3 + 2*z**2 - b. What is m(7)?
-1
Let j(h) = -7*h + 27. Let v(f) = 57*f - 222. Let n(i) = -33*j(i) - 4*v(i). Give n(2).
3
Let g(q) = 3*q**2 - 4*q + 5. Let j(r) be the second derivative of r**4/12 + r**3/6 - r**2/2 - 12*r. Let c(f) = -g(f) + 2*j(f). Calculate c(6).
-7
Let p(s) = -3*s**2 - 10*s. Let c(n) = -4*n**2 - n + 4. Let r(b) = c(b) - p(b). Let i be 9/((0 - 0) + 1). What is r(i)?
4
Suppose q - 6 = 3*q. Let g(b) = -21*b**2 - b + 6. Let l(d) = 26*d**2 + d - 8. Let c(j) = 5*g(j) + 4*l(j). Give c(q).
-8
Let u(k) = 43*k - 30*k - 17*k. What is u(3)?
-12
Let s be (4/(-8)*-4)/(29/(-203)). Let q(z) = -z**2 - 16*z - 21. What is q(s)?
7
Let r(d) = 11*d**3 - 21*d**2 + 2*d + 3. Let c(q) = -5*q**3 + 9*q**2 - q - 1. Let z(a) = -13*c(a) - 6*r(a). Give z(9).
4
Let p(r) = 3*r. Let j be p(2). Let z(t) = t. Let d(c) = c**3 - 7*c**2 + 4*c - 8. Let i(n) = d(n) + 6*z(n). Give i(j).
16
Let s(n) = -n**2 + n + 1. Let x be s(-2). Let u(i) = 4*i**2 + i + 15. Let j(d) = -d**2 - d - 2. Let p(h) = -5*j(h) - u(h). What is p(x)?
0
Let q(c) = c**2 - c + 3. Let v be ((-96)/3)/(-4 - -2 - -1). Suppose -v = -9*l - 5. Calculate q(l).
9
Let b(d) = -d**2 + 10*d - 40*d + 15*d + 14*d + 1 + 6*d. Let p = -8 + 14. Calculate b(p).
-5
Let h = 235 + -224. Let l(o) = o**3 - 12*o**2 + 11*o - 6. Determine l(h).
-6
Suppose 0 = -2*n - 19 + 51. Suppose -4*w - 4*i = i - n, -12 = -3*w - i. Let s(y) = y**2 - 2 - y + 3*y + w*y - 2*y**2. Determine s(5).
3
Let u be (-6 - (-20)/3)/(1/3). Let x(d) = -4*d**3 + 2*d**2 - 2*d. Give x(u).
-28
Suppose 0*o + 30 = 5*o. Let j(d) = -o + 18 - 11 + 2*d**2. Calculate j(1).
3
Let f(d) = d**2 + 8*d + 5. Let m be f(-5). Let q(k) = -5 + 6*k**2 + 3*k - 3*k + k**3 + 4*k**2 - k. Calculate q(m).
5
Let w(a) = -a**2 + 2. Let k(h) = h**3 + 13*h**2 + h + 15. Let p = -17 + 7. Let n be 126/p + (-16)/40. Let t be k(n). Calculate w(t).
-2
Let n = -18 - -21. Suppose 0 = n*s - 2*c + 7*c + 8, -2*s = -3*c - 20. Suppose 4*b = 3*b - s. Let u(i) = -2*i - 5. Calculate u(b).
3
Let b = 243 - 241. Let j(d) = -2*d + 6. Give j(b).
2
Let u(s) be the third derivative of -s**5/60 + s**4/12 - 17*s**3/6 - 516*s**2. What is u(0)?
-17
Let s(a) = 44*a - 1. Let y(u) = 116*u - 2. Let t(m) = 8*s(m) - 3*y(m). Suppose -j + 5*f - 19 = f, -4*j + 3*f = 11. Suppose -j - 3 = -2*n. Give t(n).
6
Let w = 55 + -52. Let a(m) = -7 - 8*m**w + 7 - 3*m**3 + m. Determine a(1).
-10
Let f(x) = 6*x**2 + 12*x + 9. Let m(n) = -26*n**2 - 48*n - 36. Let h(g) = 9*f(g) + 2*m(g). Calculate h(-5).
-1
Let u = -57 + 59. Suppose -5*x = -d - 10*x - 12, -2*x - u = 0. Let o(t) = t + 2. Determine o(d).
-5
Suppose 16*c = 19*c + f + 14, -2*c - 2*f = 16. Let z(m) = 3*m**3 - 2*m**2 - m - 6. Let b(d) = 3*d**3 - 4*d**3 + 0 + 1. Let i(k) = -4*b(k) - z(k). Give i(c).
-10
Let t(s) = -8*s**3 + 4*s**2 - 5*s + 4. Let p(y) = y**2 - 2*y + 1. Let k(b) = -3*p(b) + t(b). What is k(-1)?
9
Let y(w) be the second derivative of 0 - 1/6*w**3 + 1/12*w**4 + w + 1/2*w**2. Suppose 4*l - l + 12 = 3*s, 2*l = 5*s - 23. Determine y(l).
1
Let n(d) = -3*d**2 + 3*d - 1. Let r(m) = m**2 + 7*m + 2. Suppose 0 = 3*h + 3*w + 27, -43 = 4*h + h + 4*w. Let v be r(h). What is n(v)?
-7
Suppose -2 = 3*n + 4. Let c(t) = 2*t - 15*t**2 - 13*t**2 - 2 + 39*t**2 - 10*t**2. Give c(n).
-2
Let i = -52 - -65. Let f(k) = -11*k**2 - 33*k - 8. Let y(b) = 5*b**2 + 16*b + 4. Let l(r) = i*y(r) + 6*f(r). Calculate l(9).
13
Let w(j) = -58*j - j**2 + 61*j - 5 + 4. Give w(3).
-1
Let h = 9 + -3. Let w(f) be the third derivative of -1/24*f**4 - 5*f**2 + f**3 + 0*f + 0. What is w(h)?
0
Let b = 13199 - 13192. Let c(x) = -5*x**2 - 23*x - 35. Let m(k) = 2*k**2 + 8*k + 12. Let f(w) = -3*c(w) - 8*m(w). Determine f(b).
-5
Let d(u) = -u**3 + 5*u**2 + 5*u + 7. Let g = -20 + 33. Suppose -7*q + g*q - 36 = 0. What is d(q)?
1
Let o(z) = -3*z - 1. Let s be o(-1). Let d(u) = -u**2 + 3*u**s - 3*u**2. Let j(i) = -i - 8. Let c be j(-9). Calculate d(c).
-1
Let h(x) be the second derivative of x**5/20 - x**4/4 - 2*x**3/3 - 2*x**2 - 22*x - 1. Give h(5).
26
Let f(o) = 2*o**2 - o - 5. Suppose 191*a - 195*a = -16. Give f(a).
23
Suppose 4*p = -5*z + 16, 0 = -p - 2*z - 3 + 10. Let n = p + 2. Let x(q) = -1. Let y(j) = -2*j + 1. Let k(i) = 6*x(i) + 5*y(i). Give k(n).
-11
Suppose 5*a + 5*c = -455, -3*a + 2*c = -2*c + 252. Let y be a/(-77)*(-7)/(-2). Let s(u) = -3 - y*u**2 + 4*u - 2*u**2 + 5*u**2. Give s(2).
1
Let q(z) = 48*z**3 + 5*z + 45*z**3 - 134*z**3 + 42*z**3 - 7*z**2. Give q(6).
-6
Let x(t) = 2*t**2 - 8 - 12*t**2 + 22*t**2 + 6*t - 11*t**2. What is x(-7)?
-1
Suppose -4*f - 3*s + 28 = 0, 2*f - 8 = -3*f + 3*s. Let o(n) = 4 - n**3 + 4*n**2 - 1 - f*n**2 + 6*n**2. What is o(6)?
3
Let c(g) = -2*g - 1. Let z(h) = 3*h. Let o(k) = -4*c(k) - 3*z(k). Suppose -63*a + 242 = -73. What is o(a)?
-1
Let i(k) = -k. Let c(b) = b + 5. Let t = 32 + -49. Let q = 12 + t. Let z be c(q). Give i(z).
0
Let g = -4 - -7. Suppose 0 = g*u - 4*u. Suppose -5*z + 0 - 5 = u. Let j(p) = 6*p**2 + p. Determine j(z).
5
Let g(p) be the first derivative of p**4/4 - 8*p**3/3 + p**2/2 - 6*p + 76. Calculate g(8).
2
Suppose 0 = 3*a - 2*p - 3 - 2, 2*a - 3*p - 5 = 0. Let l(u) = a - 48*u + 15*u + 15*u + 17*u. Give l(3).
-2
Let t be (1050/40)/(6/16). Let p = t - 76. Let v(o) = -3 - o**2 - 2 - 7*o - 4. Determine v(p).
-3
Let y(b) = -b**3 - 3*b**2 + b + 3. Let f be (3 + 3)*(-30)/60. Determine y(f).
0
Let w(k) = -k**2 + 2. Suppose -13*d + 4 = -15*d. Let u = d + -1. Give w(u).
-7
Let y be (1/((-6)/(-9)))/(3/8). Suppose y*v - 26 + 6 = 0. Let j(z) = -z**2 + 7*z. Determine j(v).
10
Suppose 0 = 5*u + 14 - 54. Let v(s) = 5 - s**2 - 10*s + 23*s - 3*s + 18 - 32. Give v(u).
7
Suppose -5 = -4*z + 2*d + 13, -5*d + 15 = 2*z. Suppose 7*b - 36 = -2*b. Let q(r) = -3*r + 9 - 18 + b + 10. What is q(z)?
-10
Let t(s) = -3*s**3 - 5*s**2 + 12*s. Let a(d) = -4*d**3 - 3*d**2 + 13*d - 1. Let w(f) = -2*a(f) + 3*t(f). Determine w(-10).
2
Let o(l) = 21*l - 138. Let x be o(7). Let r(c) = c**2 - 13*c - 4. Give r(x).
-40
Let s(o) be the second derivative of 0*o**2 - 15*o - 2/3*o**3 + 0. What is s(1)?
-4
Let k(o) be the first derivative of 3 + o - 1/6*o**3 + 7/2*o**2. Let j(x) be the first derivative of